e 24 = -5*b - j - 18, j = -b - 10. Let g(s) = s**3 + 12*s**2 + 6*s + 7. Is g(b) prime?
False
Suppose 5*m - 1035 = -3*g, -313 - 478 = -4*m + 5*g. Suppose -56 = 4*z - m. Is z prime?
True
Let c = 461 + -113. Suppose -5*i + 937 = -c. Is i composite?
False
Let l = 13 + 5. Suppose l = 2*a - 22. Suppose -3*q = 5*c - 49 + 17, 2*q = -4*c + a. Is q composite?
True
Suppose 2*u - c + 3*c = 0, 5*u + 5 = -4*c. Let v = -3 - u. Suppose 2*l + 24 = 2*b + 4*l, v*b - 2*l = 20. Is b a prime number?
True
Suppose -4*t = 3*y - 6*y - 112, 2*t + 4*y = 34. Suppose 0 = -5*p - 135 - 205. Let g = t - p. Is g composite?
True
Let x be (-3)/(-12) + 13079/4. Is 1/5 - x/(-25) a prime number?
True
Let o(u) = 5*u - 1. Let s be o(1). Let z be (-1126)/(-10) - 2/(-5). Suppose -9*q - 2*x + z = -s*q, 0 = 3*q + 4*x - 65. Is q a prime number?
True
Is (-2144)/(-2) - (-6 + 5) prime?
False
Suppose -2*y + 106 = 4*i, -55 = -y - 0*i - 3*i. Suppose 2*q = -11 + y. Is q a composite number?
False
Suppose -o + 5*p + 403 = 0, 2*o - p - 2*p = 792. Suppose 2*d + d = o. Is d a composite number?
False
Suppose -11 = v - 2*v. Is v composite?
False
Suppose 2*r = 10, 0 = 4*o - r + 328 - 1479. Is o a prime number?
False
Let w(r) = -r**2 - r + 1. Let i be w(1). Let d be i + (-3)/2*8. Let g = 20 + d. Is g a prime number?
True
Is 4 - -6247 - (-4)/(-1) composite?
False
Suppose -i + 6 = 4. Suppose -186 = -4*x + i*y, 2*y + 137 = 3*x - 0*y. Is x a composite number?
True
Let c(n) = 26*n + 5. Is c(3) a composite number?
False
Let m(z) = 51*z - 1. Let u(j) = -50*j + 1. Let x(h) = 5*m(h) + 4*u(h). Is x(6) a composite number?
True
Let a(t) be the third derivative of -3*t**4 + 5*t**3/6 + 5*t**2. Is a(-4) prime?
True
Let z be (-2)/((-2)/13) + -2. Let w = 16 - z. Suppose 5*h - 90 = -w*v, -4*h + 38 = -3*v - 13. Is h composite?
True
Let u be (-6)/10 + 54/(-10). Let m(c) = c**2 - 5*c - 6. Let i be m(u). Suppose 4*x + 24 = i. Is x composite?
True
Let a = -2 + 6. Suppose -2*p + p = -k - 306, a*p + 3*k = 1231. Is p prime?
True
Let b be ((-6)/(-4))/(3/4). Is b*(322/4 - 0) prime?
False
Let m(d) = -d**3 - 4*d**2 + d + 4. Let w be m(-3). Let n = -10 - w. Is 34 + -4 - (n - -1) composite?
False
Is (-13 - -11) + (-1092)/(-2 + -1) a prime number?
False
Let z(p) = p**2 - 2*p - 2. Let r(x) = x**3 - 5*x**2 - 7*x + 2. Let d be (-27)/12*(-16)/6. Let a be r(d). Is z(a) composite?
True
Suppose 3*h = -2*h + 60. Is (281/(-2))/((-2)/h) composite?
True
Let n(z) = -z**3 - 3*z**2 + 5*z + 2. Let r be n(-4). Let y be r/(-3)*(-60)/(-8). Suppose p + 4*v - 27 = 7, 5*v = y*p - 95. Is p a composite number?
True
Let m be (-6)/(-9) - 66/(-9). Is (-87)/(-2)*m/4 a prime number?
False
Let x = 654 + 225. Is x a composite number?
True
Let m = 2 - 1. Is (-3)/(-9)*m*237 prime?
True
Suppose -2*f - 2*z = -1788, 1784 = 2*f - 0*z - 2*z. Is f a prime number?
False
Let x(u) = -4*u**2 - 15*u + 6. Let y(r) = -5*r**2 - 15*r + 5. Let o(g) = 4*x(g) - 3*y(g). Is o(-11) prime?
True
Let g(k) = -k**3 - k - 6. Let s(j) = 5*j**3 + j**2 + 6*j + 31. Let p(r) = -11*g(r) - 2*s(r). Let l be p(-5). Let v = l - -293. Is v composite?
False
Let d(o) = 41*o**2 - 2*o - 2. Let u be d(-2). Let n = -69 + u. Is n composite?
False
Let i be (-4)/3*(2 + -5). Let g(y) = 17*y + 0 + i*y + 2. Is g(3) composite?
True
Suppose -y - 254 = -3*y. Is y composite?
False
Suppose 4*y + 4*l = 336, 0 = 2*y + 2*y + 5*l - 334. Suppose p - y = -p. Is p prime?
True
Let w(g) = g**3 + 6*g**2 + 3*g - 6. Let j be w(-5). Let h = j - 5. Is 87/6 - h/(-2) prime?
False
Let n(g) = -g**2 - 6*g - 4. Suppose 17 - 5 = -3*o. Let i be n(o). Suppose s + 4*s - 440 = -5*x, 0 = -i*s - 3*x + 357. Is s composite?
True
Let i = -321 + 2474. Is i prime?
True
Let w(u) = -4*u - 1. Let v be w(-1). Let m = v - -1. Suppose 2*y - 67 = t, m*y + 5*t - 19 - 136 = 0. Is y a prime number?
False
Suppose 7*z - 4*z = -5*c + 364, -4*z + 5*c + 427 = 0. Is z composite?
False
Let j(h) = 12*h**2 + 3. Let q(i) = i + 3. Let p be q(-6). Is j(p) composite?
True
Suppose 5*g + o - 190 + 10 = 0, -2*o = 10. Is g composite?
False
Let x(n) = -n + 160. Let y be x(0). Let o be -107 + (-3 + 2)*0. Let c = y + o. Is c a composite number?
False
Let m(h) be the first derivative of 2*h**3/3 - h**2/2 + h - 1. Let c be m(1). Is (-6 - 0)/(c/(-7)) a composite number?
True
Let u = 1320 - -1013. Is u a prime number?
True
Let d = 4 + -2. Suppose -3*q + 153 = 3*w, -w = -3*w + d*q + 118. Is w a composite number?
True
Suppose -1785 = 3*b - 4*b - 4*y, 4*b + 3*y = 7114. Is b a prime number?
True
Let x = 16 - 10. Let q = -4 + x. Suppose -2*l + 149 = -0*l - 3*k, -4*l = -q*k - 310. Is l a composite number?
False
Suppose -223 = -o + 2*q, -q = 4*o + 3*q - 892. Is o prime?
True
Suppose -z - 220 = -615. Is z prime?
False
Let n be (-25)/7 + 6/(-14). Is n/(-22) - 458/(-22) prime?
False
Suppose -311 = -2*z - 5*v, -3*z + 3*v + 247 = -167. Let a = z - -83. Suppose -n + 10 + 37 = -4*m, -5*m + a = 3*n. Is n a composite number?
False
Let i be -1*(0 + 1 - 5). Is (-114)/i*(-12)/9 composite?
True
Let b(t) = -2*t - 6. Let w be b(-3). Let k(u) = -u**3 - u**2 + 307. Is k(w) composite?
False
Suppose 0 = 4*c - v + 5, -5*c - 5*v - 21 = -2*c. Let k(i) = i**3 - 5*i**2 - 4*i - 5. Let f be k(6). Let x = f - c. Is x composite?
True
Suppose -4*h = h - 10. Suppose 3*o + h*c - 49 = 0, -4*o + c + 15 = -43. Is o composite?
True
Let h(y) = y**3 - 6*y**2 + 5*y + 4. Let v be h(5). Suppose -3*l - 10 = -v. Is (3 - 9/l)*2 a prime number?
False
Suppose 2*d = -5*t + 91 + 299, -2*d + 5*t + 350 = 0. Is d prime?
False
Let c = -255 + 413. Is c a composite number?
True
Let c(s) = 198*s**2 - 2*s + 5. Is c(3) prime?
False
Suppose 0 = -3*g - 5*z + 5281, -3520 = -2*g - z - 2*z. Is g prime?
False
Suppose 3*j = 9*j - 1974. Is j composite?
True
Let j(d) = 3*d**2 + 10*d - 10. Let r be j(-9). Let y = -16 + r. Is y prime?
True
Let b be (-78)/(-12) + (-6)/4. Suppose -b*c = -0*c - 655. Is c prime?
True
Suppose 4*d - 22 = -5*a, -3*a + 2*a = 2*d - 8. Suppose 0*t - 5*t = -5*m - 230, 12 = 3*m. Suppose 2*q - 7*q + t = -5*w, -d*w - 3 = 0. Is q prime?
False
Let h(d) = 44*d - 5. Let n(v) = -22*v + 2. Let s(a) = 3*h(a) + 7*n(a). Let b(w) = w**3 + 4*w**2 + 3*w - 3. Let o be b(-3). Is s(o) a prime number?
False
Let q = 42 - 30. Suppose 0 = -2*z - 52 + 6. Let x = q - z. Is x composite?
True
Is (-1)/(-3 - (-3030)/1011) prime?
True
Let u = -9 + 13. Suppose 12 = u*j + 4*p, 2*j = 4*j - 5*p - 13. Suppose -3*f + j*s + s + 509 = 0, 3*f - 4*s - 505 = 0. Is f composite?
False
Let g be (570/3)/(2/19). Suppose d = 6*d - g. Is d composite?
True
Suppose 4*l = -3*n + 429, -2*n - 5*l = -l - 290. Is n prime?
True
Let d(m) = m + 3. Let i be d(-9). Let f(t) = -t**3 - 4*t**2 - 3*t - 1. Let u be f(i). Suppose 4*y + u = a + 4*a, -3*a = -3*y - 51. Is a prime?
False
Let x(i) = -i**2 - i + 71. Let p be x(0). Let v be 0 + (-2)/(-1) + 30. Suppose p = f - v. Is f prime?
True
Is (418 + 11)*(-1)/(-3) a prime number?
False
Let l(n) = -n**3 + 10*n**2 - 5*n - 14. Let u be l(7). Suppose -8 = -4*r - 4*y - 200, -4*y + 151 = -3*r. Let b = r + u. Is b a prime number?
False
Suppose -4*s = -j - 308, 0*s + j - 238 = -3*s. Let o = s - 23. Is o a prime number?
False
Let x(t) = 2*t**2 - 18*t + 7. Is x(11) a prime number?
False
Let b(i) = -i**2 + 4*i + 4. Let y be b(6). Let x(s) = -s**3 - 8*s**2 - s - 1. Is x(y) a composite number?
False
Let g be 40/(-24)*(2 - 5). Suppose -1024 = -4*h - 4*p, -518 = -3*h + h - g*p. Is h prime?
False
Suppose 5*r - 1219 + 53869 = 0. Is (-2)/8 + r/(-40) prime?
True
Suppose 2*l - 5*l = 0. Is (3 - 2) + l + 21 prime?
False
Let b be (3 + -7)*(-9)/(-4). Let k(i) = -i**2 - 8*i + 9. Let c be k(b). Suppose c = -4*n - 4*r + 24, 3*r = n - 1 - 5. Is n composite?
True
Suppose 0 = 3*h - 283 + 16. Let w be 145 + 2 - (-2 - -5). Let v = w - h. Is v prime?
False
Let n(y) = -y**3 + 8*y**2 - 7*y + 4. Let t be n(7). Suppose 0 = 8*v - t*v - 16. Suppose -v*i + 66 = -74. Is i prime?
False
Let t = -3 - -3. Suppose 4*p + 0 - 23 = -3*y, -3*p + 5*y - 19 = t. Is p composite?
False
Let t(j) = j**2 + 9*j - 14. Is t(8) a composite number?
True
Is 158 + ((-2)/1)/(-2) a prime number?
False
Let h be 3/(3/63*1). Suppose m + h = 1277. Suppose -m + 227 = -3*a. Is a composite?
True
Let x = -586 + 1281. Is x prime?
False
Suppose -3*x - 609 = -3*w, 0 = 5*w - x + 3*x - 1015. Is w prime?
False
Suppose -2*o = 5